1 = 312. Calculate the remainder when 154 is divided by x.
16
Suppose -3*o = -5 - 7. Let j = 10 - -14. Calculate the remainder when j is divided by (18/(-4))/((-2)/o).
6
Let h(y) = 2*y - 11. Let c be h(7). Suppose -t + 4*k + 9 = 0, 4*k + 25 = 2*t + c. Let q = -26 + 75. What is the remainder when q is divided by t?
10
Let o = -46 + 49. Suppose -q = -w + 22, 5*w + o*q - 80 = -2*q. Calculate the remainder when 54 is divided by w.
16
Suppose -4*r + 5 + 15 = 0. Suppose -r*o + 17 = b, b - 3*o = -6 - 1. Suppose 217 - 21 = b*s. Calculate the remainder when s is divided by 25.
23
Let r be 1/(-3) - (-34)/3. Suppose 0 = 4*g + z - 0*z - 21, -3*z + r = -g. Suppose 0 = 20*k - 77*k - 25*k + 492. Calculate the remainder when k is divided by g.
2
Let p = -81 - -113. What is the remainder when p is divided by 15?
2
Let q = 294 - 271. Suppose 2*m = -3*m + s + 18, 3*m - 4*s = 4. Suppose -r = -m*i - 108, -2*i = -4*r + 382 - 20. What is the remainder when r is divided by q?
19
Let w = -76 - -120. Suppose 0 = d + d, 4*b = -3*d + w. Suppose v + 384 - 391 = 0. Calculate the remainder when b is divided by v.
4
Let j = -49 - -191. What is the remainder when j is divided by 11?
10
Let g(y) = y**2 - 2*y - 2. Suppose 0 = 5*a - 8*a - 3*s - 3, -4*a + s + 16 = 0. What is the remainder when g(4) is divided by a?
0
Suppose 5*z + 132 = z. Let q = 56 + z. What is the remainder when q is divided by 4?
3
Suppose -89 = -4*s + t, -4*s + 5*t + 47 = -30. Let m(w) = -w**3 + 7*w**2 - 11*w + 8. What is the remainder when s is divided by m(4)?
11
Let l = -4 - -7. Let p be 9/(18/4) + l. Let w = p + 8. Calculate the remainder when 23 is divided by w.
10
Suppose -3*a + 98 = -5*z, 26 = -3*z + 14. What is the remainder when 257 is divided by a?
23
Suppose 10*a - 227 = 613. What is the remainder when a is divided by 44?
40
Let y be (-14)/56 + (20619/(-12))/3. Let q = y + 871. What is the remainder when q is divided by 60?
58
Let h = -1209 + 1226. Calculate the remainder when 90 is divided by h.
5
Suppose -3*b - 9 - 6 = -3*q, 0 = -4*q + 5*b + 15. Let h(z) be the first derivative of -z**2/2 + 12*z + 7. Calculate the remainder when h(-7) is divided by q.
9
Let r = -86 + 107. Calculate the remainder when 36 is divided by r.
15
What is the remainder when 6*(-4)/(16/(-18)) is divided by 1876/168 + 2/(-12)?
5
Let u = -37 - -56. What is the remainder when (7 + -20)*(-20)/5 + 5*1 is divided by u?
0
Let d(n) = n**2 + 12*n + 12. Let u be d(-8). Let l = 28 - 6. Let x = u + l. Calculate the remainder when x is divided by 1.
0
Suppose -469 = -13*j + 6*j. Calculate the remainder when 667 is divided by j.
64
Suppose 0*v - 4*v = -40. Let f(o) = o**2 + 20*o + 23. What is the remainder when v is divided by f(-19)?
2
Let u(s) = 8*s + 5. Calculate the remainder when u(2) is divided by 8.
5
Let w = -70 + 74. Suppose -4*c - 5*h + 25 = 0, 6*h - h + 15 = w*c. What is the remainder when 7 is divided by c?
2
Suppose 0 = -61*g + 24*g + 370. What is the remainder when 417 is divided by g?
7
Suppose 8*i = 22 - 6. What is the remainder when 7 is divided by i?
1
Suppose 2*l - 409 = -5*i + 182, 0 = 3*i - 3*l - 342. What is the remainder when i is divided by 18?
9
Let b be 5/(-10)*(0 + -2). What is the remainder when 33 is divided by b/((-2 + 1)/(-9))?
6
Let x = 194 + 60. Calculate the remainder when x is divided by 32.
30
Let t = 224 + -213. What is the remainder when t is divided by 7?
4
Suppose -5*p - 677 = -4*a + 164, -2*a - 5*p + 413 = 0. Calculate the remainder when a is divided by 30.
29
Suppose 6*x - 63 = -x. Let f be 28/(-2 - -4) + 1. Let p = x + f. Calculate the remainder when 71 is divided by p.
23
Let i = 31 + -50. Let z = i + 31. Suppose 20*q + 2*q = 1012. What is the remainder when q is divided by z?
10
Let x(a) = -a + 1. Let o(h) = 10*h + 9. Let d(s) = -o(s) - 6*x(s). What is the remainder when 16 is divided by d(-6)?
7
Let n(z) = -41*z - 66. What is the remainder when 302 is divided by n(-2)?
14
Let w be (-1 + 1)*3/(-6). Suppose 3*a + 1 - 16 = w. Suppose 3*t + 363 = a*b, -4*t = -3*b - 0*t + 220. Calculate the remainder when b is divided by 25.
22
Suppose s - 3*b - 14 = 0, 20*b = 3*s + 15*b - 34. Calculate the remainder when 21 is divided by s.
5
Suppose -i - 5 = 2*c, -3*c - 8 - 1 = 2*i. Let v(n) = 7*n**2 - 3*n - 2. What is the remainder when v(i) is divided by (32/5)/(-4)*6435/(-572)?
16
Calculate the remainder when 101 is divided by -28 + 45 - (0 - -1 - -1).
11
Let x = -776 + 782. Let l(f) = -f + 4. Calculate the remainder when l(-12) is divided by x.
4
Suppose -2*o + 4*z - 14 = -40, 0 = 2*o + 5*z - 71. Let k = 34 + -8. Let t = k + -13. What is the remainder when o is divided by t?
10
Suppose 0*t + 62 = 4*h + 3*t, -2*h = -t - 26. Let y = 475 - 467. Calculate the remainder when h is divided by y.
6
Calculate the remainder when (-539)/(1 - 2) - (-28)/7 is divided by 7.
4
Suppose -5*j - l = -3 - 184, 0 = -j - 2*l + 41. Suppose 5*d + 3*c = 5*c + 44, -4*d + 42 = -5*c. What is the remainder when j is divided by d?
5
Let p be 16/(2 + 2) - 2. Suppose -5*h - 2*r - 25 = 0, 4*h - p*h + 2*r = -16. Calculate the remainder when -2*h/(-6)*-26 is divided by 9.
8
What is the remainder when 72 is divided by -7 - (432/(-8) - 9)?
16
Let w(t) = -4 + 2*t + 0*t**2 - 3*t**3 + 5*t**3 + 0*t**2. Let h be w(4). Suppose -y = 3*y - h. Calculate the remainder when y is divided by 9.
6
Let d = 1850 + -1822. Calculate the remainder when 177 is divided by d.
9
Let k(p) = p**2. Let f be k(-1). Let i = -81 - -85. What is the remainder when -39*f*(-1)/3 is divided by i?
1
Suppose w = 7 + 18. Suppose -101 = -2*a + 10*x - 8*x - 7, 4*x = 0. Calculate the remainder when a is divided by w.
22
Let n = -15 - -17. Suppose 0 = n*q + q - 24. What is the remainder when 39 is divided by q?
7
Suppose -c = -6 + 84. Let t = 24 - c. Calculate the remainder when t is divided by 35.
32
Let d be (-2)/(2 + 15/(-6)). Suppose -3*n = -s - 52, -2*n + d*s + 30 = s. Calculate the remainder when 32 is divided by n.
14
Suppose 3*f - 41 - 35 = h, -3*h = 12. Suppose -3*o + 2*z = -16, -2*z = -6*o + 2*o + f. Calculate the remainder when 37 is divided by o.
5
Let b = -285 + 307. Calculate the remainder when 791 is divided by b.
21
Suppose -2*r - 368 = -3*m - m, -r + 3*m - 186 = 0. Let u = -51 - r. What is the remainder when u is divided by 26?
25
Let f(l) = -l**2 + 22*l - 16. What is the remainder when 430 is divided by f(20)?
22
Let w = 28 - 11. Suppose -5*f = 4*l - 184, -4*l = -f - 6*l + 38. Suppose 3*z - f = -z. What is the remainder when w is divided by z?
8
Let t = -115 + 164. Suppose -4*u + 47 + t = 0. What is the remainder when u is divided by 36/(-6)*(-3)/2?
6
Suppose -3*d + 21 = -9. Let p(m) = 3*m - 25. What is the remainder when 19 is divided by p(d)?
4
Suppose 4*n + 226 = 4*u - 1082, 4*u - 1308 = 2*n. Let o = u - 200. Suppose -52 = -a - 4*t, 0*a = 4*a + 5*t - 153. What is the remainder when o is divided by a?
31
Suppose -3*i - 12 = -z - 2*i, 88 = 5*z + 2*i. Let h be 2/5 - (-2332)/20. Suppose 5*k = h + 38. What is the remainder when k is divided by z?
15
Suppose -232 = 5*c + 3*c. Let w = c + 65. What is the remainder when w is divided by 10?
6
Let g(u) be the first derivative of 11*u**4 + 2*u**3/3 - 3*u**2/2 + u - 23. What is the remainder when 175 is divided by g(1)?
43
Suppose 0 = -5*y, -8*y + 162 = 3*a - 10*y. What is the remainder when a is divided by 11?
10
What is the remainder when 70 is divided by (3*-2)/(10/(-60))?
34
What is the remainder when 1211 is divided by 65/39 + (-76)/(-3)?
23
Let k(b) = -112*b**3 - 5*b**2 - 4*b - 1. Calculate the remainder when k(-1) is divided by 39.
32
Suppose -2*l = -47 - 167. What is the remainder when l is divided by 36?
35
Let f(m) = m**3 - m**2 - m + 1. Let r be f(1). Suppose -5*s + 622 = -r*s + 3*q, q + 126 = s. Calculate the remainder when s is divided by 32.
29
Let v be 6/2 - (-4 + 41). Let m = -25 - v. Calculate the remainder when 48 is divided by m.
3
Let h be (4 - 21/4)/(2/(-8)). Calculate the remainder when 5 is divided by 8/(-12) + (-2)/(-6)*h.
0
Let j(n) = -3*n + 31. Let s be j(15). Let r = s + 24. What is the remainder when 38 is divided by r?
8
Suppose 3*i + 30 = 8*i. Let d(s) = 2*s + 5. Calculate the remainder when 29 is divided by d(i).
12
Let t(m) = -7*m - 27. Let o(a) = a**3 - 4*a**2 + 2. Calculate the remain